{"id":3348,"date":"2023-01-25T01:47:56","date_gmt":"2023-01-25T01:47:56","guid":{"rendered":"https:\/\/nitrogarden.com.mx\/?page_id=3348"},"modified":"2023-01-25T01:57:37","modified_gmt":"2023-01-25T01:57:37","slug":"por-que-comprar-con-nosotros","status":"publish","type":"page","link":"https:\/\/nitrogarden.com.mx\/?page_id=3348","title":{"rendered":"Por qu\u00e9 comprar con nosotros?"},"content":{"rendered":"\n<p>Por que somos una empresa con mas de 20 a\u00f1os de experiencia en el ramo de la soldadura (15 como p\u00e1gina web axtechsoldadoras), por que estamos comprometidos con el seguimiento en linea, soluci\u00f3n profesional para sus procesos de soldadura, el mejor precio del mercado, seguimiento post venta en refacciones, garant\u00edas donde trabajamos en conjunto con la red de talleres de servicio brindando el mejor servicio de post venta de las ventas de esta p\u00e1gina.\u00a0 <\/p>\n\n\n\n<p>No somos una ferreter\u00eda la cual vende un producto mas, nosotros somos soldadores y conocemos los equipos y sus capacidades para darle soluci\u00f3n a su trabajo.&nbsp;<\/p>\n\n\n<div class=\"wp-block-image\">\n<figure class=\"aligncenter size-large\"><a href=\"https:\/\/nitrogarden.com.mx\/wp-content\/uploads\/2023\/01\/Post-Instagram-Publicidad-Restaurante-Entrega-Domicilio-Negocio-Rojo-1080-\u00d7-600-px-1080-\u00d7-400-px-1.jpg\"><img decoding=\"async\" src=\"https:\/\/nitrogarden.com.mx\/wp-content\/uploads\/2023\/01\/Post-Instagram-Publicidad-Restaurante-Entrega-Domicilio-Negocio-Rojo-1080-\u00d7-600-px-1080-\u00d7-400-px-1-1024x379.jpg\" alt=\"\" class=\"wp-image-3350\"\/><\/a><\/figure><\/div>\n\n<div class=\"wp-block-image\">\n<figure class=\"aligncenter size-full\"><a href=\"https:\/\/nitrogarden.com.mx\/wp-content\/uploads\/2023\/01\/Diseno-sin-titulo-6.jpg\"><img decoding=\"async\" src=\"https:\/\/nitrogarden.com.mx\/wp-content\/uploads\/2023\/01\/Diseno-sin-titulo-6.jpg\" alt=\"\" class=\"wp-image-3357\"\/><\/a><\/figure><\/div>","protected":false},"excerpt":{"rendered":"<p>Por que somos una empresa con mas de 20 a\u00f1os de experiencia en el ramo de la soldadura (15 como p\u00e1gina web axtechsoldadoras), por que estamos comprometidos con el seguimiento en linea, soluci\u00f3n profesional para sus procesos de soldadura, el mejor precio del mercado, seguimiento post venta en refacciones, garant\u00edas donde trabajamos en conjunto con [&hellip;]<\/p>\n","protected":false},"author":2,"featured_media":0,"parent":289,"menu_order":0,"comment_status":"closed","ping_status":"closed","template":"","meta":{"iawp_total_views":7,"_joinchat":[],"footnotes":""},"class_list":["post-3348","page","type-page","status-publish","hentry"],"_links":{"self":[{"href":"https:\/\/nitrogarden.com.mx\/index.php?rest_route=\/wp\/v2\/pages\/3348","targetHints":{"allow":["GET"]}}],"collection":[{"href":"https:\/\/nitrogarden.com.mx\/index.php?rest_route=\/wp\/v2\/pages"}],"about":[{"href":"https:\/\/nitrogarden.com.mx\/index.php?rest_route=\/wp\/v2\/types\/page"}],"author":[{"embeddable":true,"href":"https:\/\/nitrogarden.com.mx\/index.php?rest_route=\/wp\/v2\/users\/2"}],"replies":[{"embeddable":true,"href":"https:\/\/nitrogarden.com.mx\/index.php?rest_route=%2Fwp%2Fv2%2Fcomments&post=3348"}],"version-history":[{"count":5,"href":"https:\/\/nitrogarden.com.mx\/index.php?rest_route=\/wp\/v2\/pages\/3348\/revisions"}],"predecessor-version":[{"id":3358,"href":"https:\/\/nitrogarden.com.mx\/index.php?rest_route=\/wp\/v2\/pages\/3348\/revisions\/3358"}],"up":[{"embeddable":true,"href":"https:\/\/nitrogarden.com.mx\/index.php?rest_route=\/wp\/v2\/pages\/289"}],"wp:attachment":[{"href":"https:\/\/nitrogarden.com.mx\/index.php?rest_route=%2Fwp%2Fv2%2Fmedia&parent=3348"}],"curies":[{"name":"wp","href":"https:\/\/api.w.org\/{rel}","templated":true}]}}